{"id":10,"date":"2014-04-12T14:40:42","date_gmt":"2014-04-12T12:40:42","guid":{"rendered":"http:\/\/bestbuddies.de\/?page_id=10"},"modified":"2014-11-25T10:59:52","modified_gmt":"2014-11-25T09:59:52","slug":"geistige-behinderung","status":"publish","type":"page","link":"https:\/\/bestbuddies.de\/?page_id=10","title":{"rendered":"Programme"},"content":{"rendered":"<p>Best Buddies bietet verschiedene auf die jeweiligen Zielgruppen zugeschnittene Programme an, um Freundschaften zwischen Menschen mit und ohne geistige Behinderung zu f\u00f6rdern:<\/p>\n<p>&nbsp;<\/p>\n<p><strong>FREUNDSCHAFTSPROGRAMME:<\/strong><\/p>\n<div>\u2022 BEST<strong>BUDDIES<\/strong> Grundschulen<\/div>\n<div>\u2022 BEST<strong>BUDDIES<\/strong> Schulen<\/div>\n<div>\u2022 BEST<strong>BUDDIES<\/strong> Hochschulen<\/div>\n<div>\u2022 BEST<strong>BUDDIES<\/strong>\u00a0B\u00fcrger<\/div>\n<div>\n<div>\u2022 BEST<strong>BUDDIES<\/strong> Verein<\/div>\n<div><\/div>\n<\/div>\n<div>\n<hr \/>\n<\/div>\n<div>\n<p><strong>F\u00dcHRUNGSPROGRAMME:<\/strong><\/p>\n<div>\u2022\u00a0BEST<strong>BUDDIES<\/strong> Botschafter<\/div>\n<div>\u2022\u00a0BEST<span style=\"font-weight: bold;\">BUDDIES<\/span>\u00a0Unterst\u00fctzer<\/div>\n<div>\u2022 BEST<strong>BUDDIES<\/strong>\u00a0Arbeit<\/div>\n<\/div>\n<div><\/div>\n<hr \/>\n<p>&nbsp;<\/p>\n<p>Best Buddies basiert auf nat\u00fcrlichen und \u00a0selbstverst\u00e4ndlichen Freundschaften zueinander. Der Kontakte und der Umgang miteinander ist gleichberechtigt und auf Augenh\u00f6he. Wenn ein Mensch mit geistiger Behinderung an Best Buddies teilnimmt und Freund (Buddy) wird, unternimmt er mit seinem Bezugsfreund (Buddy Peer) genau das, was man mit jedem anderen Freund auch unternehmen w\u00fcrde: ins Kino, Theater oder zum Essen gehen, sich zum Stadtbummel oder zum Fu\u00dfballspiel treffen, sich austauschen, reden und erz\u00e4hlen, was man so macht. Jedes Freundschaftspaar trifft sich zweimal pro Monat, um das gemeinsam zu machen, an dem beide Partner Interesse und Freude haben.<\/p>\n","protected":false},"excerpt":{"rendered":"<p>Best Buddies bietet verschiedene auf die jeweiligen Zielgruppen zugeschnittene Programme an, um Freundschaften zwischen Menschen mit und ohne geistige Behinderung zu f\u00f6rdern: &nbsp; FREUNDSCHAFTSPROGRAMME: \u2022 BESTBUDDIES Grundschulen \u2022 BESTBUDDIES Schulen \u2022 BESTBUDDIES Hochschulen \u2022 BESTBUDDIES\u00a0B\u00fcrger \u2022 BESTBUDDIES Verein F\u00dcHRUNGSPROGRAMME: \u2022\u00a0BESTBUDDIES Botschafter \u2022\u00a0BESTBUDDIES\u00a0Unterst\u00fctzer \u2022 BESTBUDDIES\u00a0Arbeit &nbsp; Best Buddies basiert auf nat\u00fcrlichen und \u00a0selbstverst\u00e4ndlichen Freundschaften zueinander. Der &hellip; <a href=\"https:\/\/bestbuddies.de\/?page_id=10\" class=\"more-link\"><span class=\"screen-reader-text\">Programme<\/span> weiterlesen <span class=\"meta-nav\">&rarr;<\/span><\/a><\/p>\n","protected":false},"author":1,"featured_media":285,"parent":0,"menu_order":0,"comment_status":"closed","ping_status":"closed","template":"","meta":[],"_links":{"self":[{"href":"https:\/\/bestbuddies.de\/index.php?rest_route=\/wp\/v2\/pages\/10"}],"collection":[{"href":"https:\/\/bestbuddies.de\/index.php?rest_route=\/wp\/v2\/pages"}],"about":[{"href":"https:\/\/bestbuddies.de\/index.php?rest_route=\/wp\/v2\/types\/page"}],"author":[{"embeddable":true,"href":"https:\/\/bestbuddies.de\/index.php?rest_route=\/wp\/v2\/users\/1"}],"replies":[{"embeddable":true,"href":"https:\/\/bestbuddies.de\/index.php?rest_route=%2Fwp%2Fv2%2Fcomments&post=10"}],"version-history":[{"count":22,"href":"https:\/\/bestbuddies.de\/index.php?rest_route=\/wp\/v2\/pages\/10\/revisions"}],"predecessor-version":[{"id":404,"href":"https:\/\/bestbuddies.de\/index.php?rest_route=\/wp\/v2\/pages\/10\/revisions\/404"}],"wp:featuredmedia":[{"embeddable":true,"href":"https:\/\/bestbuddies.de\/index.php?rest_route=\/wp\/v2\/media\/285"}],"wp:attachment":[{"href":"https:\/\/bestbuddies.de\/index.php?rest_route=%2Fwp%2Fv2%2Fmedia&parent=10"}],"curies":[{"name":"wp","href":"https:\/\/api.w.org\/{rel}","templated":true}]}}