{"id":25,"date":"2014-04-12T15:25:02","date_gmt":"2014-04-12T13:25:02","guid":{"rendered":"http:\/\/bestbuddies.de\/?page_id=25"},"modified":"2014-04-18T18:36:59","modified_gmt":"2014-04-18T16:36:59","slug":"vision","status":"publish","type":"page","link":"https:\/\/bestbuddies.de\/?page_id=25","title":{"rendered":"Vision"},"content":{"rendered":"<p>Unsere Vision ist es, dass Best Buddies eines Tages nicht mehr gebraucht wird, weil der Kontakt zwischen Menschen mit geistiger Behinderung und Menschen ohne Behinderung selbstverst\u00e4ndlich und nat\u00fcrlich geworden ist. Am Ziel sind wir, wenn wir nicht einmal mehr zwischen Menschen mit und ohne Behinderung unterscheiden m\u00fcssen, weil wir jeden Menschen als\u00a0 unseren Mitmenschen ansehen, der so wie er ist, in seiner einzigartigen Auspr\u00e4gung, ein Mensch ist, der anders ist als wir selber, der unsere Gemeinschaft bereichert und von dem wir lernen k\u00f6nnen.<\/p>\n<p>Wir stellen uns zuk\u00fcnftig eine Welt vor, in der Menschen mit einer sogenannten geistigen Behinderung ein geachteter und selbstverst\u00e4ndlicher Teil unserer Gesellschaft geworden ist, dass unsere derzeitigen Bem\u00fchungen unn\u00f6tig werden. Bis unsere Vision Realit\u00e4t geworden ist, sehen wir es als unsere Aufgabe an , Sch\u00fcler, Studenten, Mitb\u00fcrger, Unternehmen und Angestellte f\u00fcr Best Buddies gewinnen zu k\u00f6nnen und Freundschaften auf Augenh\u00f6he entstehen zu lassen.<\/p>\n<p><span style=\"text-decoration: underline;\">\u00a0<\/span><\/p>\n","protected":false},"excerpt":{"rendered":"<p>Unsere Vision ist es, dass Best Buddies eines Tages nicht mehr gebraucht wird, weil der Kontakt zwischen Menschen mit geistiger Behinderung und Menschen ohne Behinderung selbstverst\u00e4ndlich und nat\u00fcrlich geworden ist. Am Ziel sind wir, wenn wir nicht einmal mehr zwischen Menschen mit und ohne Behinderung unterscheiden m\u00fcssen, weil wir jeden Menschen als\u00a0 unseren Mitmenschen ansehen, &hellip; <a href=\"https:\/\/bestbuddies.de\/?page_id=25\" class=\"more-link\"><span class=\"screen-reader-text\">Vision<\/span> weiterlesen <span class=\"meta-nav\">&rarr;<\/span><\/a><\/p>\n","protected":false},"author":1,"featured_media":0,"parent":0,"menu_order":0,"comment_status":"closed","ping_status":"closed","template":"","meta":[],"_links":{"self":[{"href":"https:\/\/bestbuddies.de\/index.php?rest_route=\/wp\/v2\/pages\/25"}],"collection":[{"href":"https:\/\/bestbuddies.de\/index.php?rest_route=\/wp\/v2\/pages"}],"about":[{"href":"https:\/\/bestbuddies.de\/index.php?rest_route=\/wp\/v2\/types\/page"}],"author":[{"embeddable":true,"href":"https:\/\/bestbuddies.de\/index.php?rest_route=\/wp\/v2\/users\/1"}],"replies":[{"embeddable":true,"href":"https:\/\/bestbuddies.de\/index.php?rest_route=%2Fwp%2Fv2%2Fcomments&post=25"}],"version-history":[{"count":2,"href":"https:\/\/bestbuddies.de\/index.php?rest_route=\/wp\/v2\/pages\/25\/revisions"}],"predecessor-version":[{"id":69,"href":"https:\/\/bestbuddies.de\/index.php?rest_route=\/wp\/v2\/pages\/25\/revisions\/69"}],"wp:attachment":[{"href":"https:\/\/bestbuddies.de\/index.php?rest_route=%2Fwp%2Fv2%2Fmedia&parent=25"}],"curies":[{"name":"wp","href":"https:\/\/api.w.org\/{rel}","templated":true}]}}